) = 323*w**3 + 0*w**2 + 2 - 6*w - 324*w**3 + 5*w**2 + 3. Suppose -5*u = -24 + 4. Give m(u).
-3
Suppose 3*h - 75 = -h + c, 3*h + 2*c - 70 = 0. Suppose -h = 30*p - 34*p. Let s(r) = r**2 - 3*r - 3. What is s(p)?
7
Let c(s) = -2*s + 2. Suppose 4*f - 3*f = -3. Let r be -12 + -6*f/6. Let y = r - -15. Determine c(y).
-10
Let t(l) be the first derivative of -3*l**2/2 + 5*l - 1. Let z(m) = m. Let r(p) = -t(p) - 2*z(p). Let v be (-5)/(-1) - (9 - 8). Calculate r(v).
-1
Suppose 0*v = v - 17. Let m = 12 - v. Let u(n) be the second derivative of n**5/20 + n**4/3 - n**3/2 + n**2 + 11*n - 4. Determine u(m).
-8
Suppose -8 - 8 = 4*b. Let k(c) = c**2 + 4*c + 7. Let n(u) = u**2 + 5*u + 6. Let w(j) = b*n(j) + 3*k(j). Suppose 3 = -2*v + f - 12, 3 = 2*v + 5*f. What is w(v)?
9
Let s(b) be the third derivative of -b**4/4 - 2*b**2. Let r(n) = n**3 + 7*n**2 + 8*n + 6. Let j be r(-5). Let f = 15 - j. Give s(f).
6
Suppose 618 = -11*i - 74*i + 108. Let j = 0 + 0. Let b(l) = j*l**2 - 6 + 0 + 7*l**2 + l**3 + 6*l. Give b(i).
-6
Let r(d) = d**3 + 4*d**2 + 6*d + 1. Suppose 21*j = j - 80. Calculate r(j).
-23
Let r(w) = 185 + 4*w - 192 + 0*w. Determine r(3).
5
Let k(z) be the second derivative of 0*z**3 - 4*z**2 - 1/20*z**5 - 14*z + 0 - 1/12*z**4. Let w(q) = q**3 - 5*q**2 - q + 5. Let s be w(5). Give k(s).
-8
Let z(v) = 6*v - 30. Let s be z(6). Let d(a) = 9*a**2 + 7*a - 2. Let i(p) = -11*p**2 - 7*p + 1. Let o(k) = -6*d(k) - 5*i(k). Calculate o(s).
1
Suppose 13 = -a + 4*w, 8*a - 6*a + 2*w = -6. Let l(s) = s**3 + 4*s**2 - 4*s - 7. Determine l(a).
-12
Let m(a) = 4*a**2 - 12*a + 5. Let j(k) = -k**2 + 4*k - 2. Let s(u) = 7*j(u) + 2*m(u). Let n be s(-5). Let q(b) = -n + 3*b + 6*b + 2. What is q(1)?
10
Let g = -293 + 290. Let l(h) = 5*h. Determine l(g).
-15
Let h(j) = 25*j - 34*j + 17*j - 1. Determine h(-1).
-9
Let q(s) = -s**3 - 9*s**2 - 9*s - 6. Let j = 40 - 37. Let y(l) = l**2 - 4*l - 5. Let u be y(j). Give q(u).
2
Let s(n) = -106*n - 263. Let z(a) = -37*a - 87. Let j(i) = 6*s(i) - 17*z(i). Calculate j(-14).
-1
Let q(n) = -n**3 - 4*n**2 + 3*n + 3. Let g(h) = -h**3 - 5*h**2 + 2*h + 21. Let d be g(-4). Let r = d - 2. Calculate q(r).
13
Let m(i) = i**2 - 3. Let g(z) be the first derivative of z**3/3 + z**2/2 - 3*z - 14. Let x(h) = -3*g(h) + 2*m(h). Calculate x(-5).
-7
Let k(d) = 3*d**2 + 8*d + 6. Let b(a) = -10*a**2 + 21*a - 7. Let o be b(2). What is k(o)?
41
Suppose -4*q = 12, -4*k - q = -0*k - 17. Suppose k*x = -4*m + 18, -5*m = -0*x + 2*x - 14. Let a(n) = -1 - 3*n + 3*n**2 + 0 - x + n**3. Calculate a(-2).
7
Let i(d) = -3*d**3 - 2*d - 1. Let k(s) = s**2 + 4*s + 2. Let w be k(-1). Give i(w).
4
Let n be (-4)/((-51)/(-12) - (-4)/(-16)). Let f(h) = -6*h**2 - 2*h - 1. Give f(n).
-5
Let x(l) be the third derivative of -1/30*l**5 + 1/40*l**6 - 1/24*l**4 + 0 + 0*l**3 + 0*l - 42*l**2. What is x(-1)?
-4
Suppose 30*z - 14 = 106. Let i(q) be the third derivative of 0*q + 0 + 1/6*q**3 + 7*q**2 + 5/24*q**z. Give i(3).
16
Let g(q) be the third derivative of -q**6/120 - q**5/30 + q**4/24 + 5*q**3/6 + 366*q**2. Determine g(0).
5
Let r(s) be the second derivative of 2*s**3/3 - 4*s**2 - 4*s + 34. What is r(4)?
8
Let r(k) be the second derivative of -2*k**3/3 - 7*k**2/2 + k. Let o = -47 - -69. Let s(x) = x + 2. Let d(f) = o*s(f) + 6*r(f). Calculate d(5).
-8
Suppose -40*g + 3*g = -222. Let c(v) = v**3 - 7*v**2 + 7*v - 3. Calculate c(g).
3
Let t(l) be the third derivative of l**6/120 - 2*l**5/15 - l**4/12 + 4*l**3/3 + 4*l**2. Suppose 9*i = -3*i + 96. Determine t(i).
-8
Let a(v) = v**2 + 6*v. Let s = 48 - 48. Suppose 20*g + 50 + 50 = s. What is a(g)?
-5
Let i(m) be the first derivative of -m**4/2 + m**2 - m + 30. Determine i(-2).
11
Let c(a) be the first derivative of a**2/2 - 4*a + 79. What is c(-5)?
-9
Let w(d) be the second derivative of d**5/20 + 3*d**4/4 + 3*d**3/2 + 3*d**2/2 + 16*d + 3. Calculate w(-8).
-5
Suppose -2*z - 180 = -2*q, -z - 42 - 38 = 4*q. Let v = 92 + z. Let d(j) = -j**3 + 6*j**2 - 4*j - 5. Give d(v).
11
Let n(l) = -6*l - 3. Let f(w) = 7*w + 3. Let s(j) = -3*f(j) - 4*n(j). Suppose 3*h - 2*v + 1 = 0, v = 4*h - 2*v. Determine s(h).
-6
Let p(h) = -h**3 + 9*h**2 - 9*h + 10. Let f be p(8). Let i(q) = q**2 - 2*q**f + 20*q**3 - 14*q**3. Determine i(1).
5
Suppose -3*x - 2 - 1 = 0. Let i(l) = -l**2 - 2*l. Let a be i(x). Let h(f) be the third derivative of -3*f**4/8 + f**3/6 + 67*f**2. What is h(a)?
-8
Let u(n) = -6*n**2 - 27*n - 23. Let t(x) = -4*x**2 - 18*x - 16. Let s(v) = -7*t(v) + 5*u(v). Determine s(-6).
-21
Suppose -h + d - 7 = 3*d, 0 = -2*h + 4*d + 18. Let b(m) = -7*m**2 - 2*m - 1. Let k(x) = x. Let r(n) = -b(n) - 3*k(n). What is r(h)?
7
Let m(n) be the second derivative of n**5/20 - 3*n**4/4 - 5*n**3/3 - n**2 + 13*n + 4. Give m(10).
-2
Let w(q) = q**2 - 5*q - 16. Let i be w(8). Let a(u) = 0*u**2 + 14*u**2 - 13*u**2 + 4*u - i. Calculate a(-7).
13
Suppose -8 = -3*z - 23*k + 25*k, 3*z - 5*k + 7 = 0. Let b(f) = -f**3 + 8*f**2 - 9*f + 15. Calculate b(z).
33
Suppose 0 = -t + 6*t + 2*i - 2765, -2*t + 1097 = -i. Let l(s) = 551 - t + 3*s. Give l(1).
3
Let v(y) = y**3 + y - 2. Let t(z) = -z**3 + 20*z**2 + 18. Let g be t(20). Suppose -72 = 6*s - 2*s. Let k = s + g. What is v(k)?
-2
Let f = -923 - -928. Let t(d) = 5*d**2 + 2*d + 6. Let p(z) = -z**3 - z**2 + 1. Let a(s) = -p(s) - t(s). What is a(f)?
8
Let d(g) = -g**2 - g + 9. Let f(p) = 47*p - 420. Let r be f(9). Give d(r).
-3
Let j(p) = -2 + 6*p + 7*p**2 - 86*p**3 + 1 + 87*p**3. Let a(h) = 3*h + 13. Let w be a(-11). Let x = 14 + w. Give j(x).
-1
Let k(u) be the first derivative of -u**7/840 + u**6/60 - u**5/20 - u**4/24 + 23*u**3/3 - 43. Let w(h) be the third derivative of k(h). Determine w(5).
-6
Let o(x) = x**2 - 5*x - 4. Let n(p) = p - 24. Let b be n(28). Let t be b*-1 - 12/(-8)*6. Calculate o(t).
-4
Let r(p) = -p**2 + p. Let o(w) = w**3 - 10*w**2 - 2*w + 22. Let j be o(10). Calculate r(j).
-2
Let t(k) = 6*k - 33. Let w(f) = -8*f + 35. Let r(q) = 5*t(q) + 4*w(q). Calculate r(-17).
9
Let i(v) = v - 7. Let r(u) = 2*u - 8. Suppose -2*q + 2*g - 6 = 2*q, -3*q + 6 = -5*g. Let y be (-2 - 0)*q/2. Let a(o) = y*r(o) - 4*i(o). What is a(-6)?
-8
Let g(y) = 3*y**2 - 5*y + 3. Suppose 0 = p - 28*p + 108. Give g(p).
31
Let h(t) be the first derivative of -t**4/4 + 7*t**3/3 + 3*t**2 + 9*t + 136. What is h(8)?
-7
Let i(r) be the second derivative of -5/12*r**4 + 1/20*r**5 + r**2 + 11*r + 5/6*r**3 + 0. Give i(4).
6
Let g(s) = -3*s**2 + 0*s**2 - 2*s**2 + s**2 - 4 + 3*s. Let y(i) = -i + 1 - 17*i**2 + 38*i**2 - 20*i**2. Let n(k) = 2*g(k) + 7*y(k). Calculate n(-3).
-7
Let b be ((-2)/(-4))/(1/4). Suppose b*g - 3*m = -8, 0*g = g + 3*m + 4. Let y(c) = 0 + c - 1 + c. Give y(g).
-9
Suppose -176*f = -172*f + 12. Let g(x) = -4 + x**2 + 2*x + x + 0*x. Let r be g(f). Let j(y) = y**3 + 4*y**2 - 4*y - 6. What is j(r)?
10
Let u(r) = -r**3 - 5*r**2 + 7. Let p be u(-3). Let q(m) = m**2 + 8*m - 18. What is q(p)?
15
Let o(y) = -y**3 + 6*y**2 - 4*y + 8. Suppose 0 = 56*p - 9*p - 282. Determine o(p).
-16
Suppose -5*v - 3*r + 11 = -7, v - 7 = -4*r. Let h = v - 1. Let y(l) = l**3 - 5*l**2 - 3*l**h + 2*l + 2*l**2 + 4 + l**2. Give y(4).
-4
Suppose -2*c + 11 = f, 2*f + 25 = 4*c + 5*f. Let z(o) = o**3 - 4*o**2 - o + 4. What is z(c)?
0
Suppose -4*i + 2*g = 26, -6 = 7*i - 3*i + 2*g. Let o(n) be the third derivative of n**6/120 + n**5/12 + n**4/6 + 2*n**3/3 + 18*n**2. What is o(i)?
4
Let l(q) = -q**2 - 6*q - 4. Let c(h) be the third derivative of h**4/24 - h**3/6 + 21*h**2. Let b(v) = 6*c(v) + l(v). What is b(0)?
-10
Let m(z) = z**2 + 12. Let q be ((-12)/(-8))/(((-15)/18)/5). Let p be 0*(3 - (-24)/q). Give m(p).
12
Let u(o) = -o**3 - 9*o**2 - 8*o + 8. Let a be u(-8). Let n be (-6)/a*24/(-9). Let h(s) = 4 - 5 - n*s - 2*s + 3*s. What is h(-4)?
3
Let p(i) = i**2 - i + 2. Let d = 356 - 360. Give p(d).
22
Let m(v) = -2*v + 2*v + 2*v**2. Let o(s) = -s**2 - 16*s - 14. Suppose -7 = -5*a - 82. Let r be o(a). What is m(r)?
2
Suppose 3 = -3*d + 4*d. Suppose 0 = -d*p + 4*v - 1, -3*p + 5*v - 10 = -8*p. Let x(c) = 24*c - 9*c - 3*c. Give x(p).
12
Let i = -3 - 1. Let w be i/14 - (-66)/(-14). Let j(y) be the second derivative of y**5/20 + y**4/2 + 5*y**3/6 - y**2/2 + 2*y - 86. Determine j(w).
-1
Let v(f) = -13*f**3 - 2*f**2 + 22*f + 8. Let d(w) = 2*w**3 - w**2 - 2*w. Let b(u) = -6*d(u) - v(u). Determine b(-9